{"id":2731,"date":"2021-05-12T17:53:16","date_gmt":"2021-05-12T17:53:16","guid":{"rendered":"http:\/\/sindmoveis.com.br\/?post_type=tribe_events&#038;p=2731"},"modified":"2021-05-13T08:55:07","modified_gmt":"2021-05-13T11:55:07","slug":"movelsul-brasil-2022-a-principal-feira-de-moveis-da-america-latina","status":"publish","type":"tribe_events","link":"https:\/\/www.sindmoveis.com.br\/es\/evento\/movelsul-brasil-2022-a-principal-feira-de-moveis-da-america-latina\/","title":{"rendered":"FIMMA BRASIL 2022 &#8211; Muito mais que uma feira"},"content":{"rendered":"<p>A Feira Internacional de Fornecedores da Cadeia Produtiva de Madeira e M\u00f3veis (Fimma Conex\u00f5es e Neg\u00f3cios) \u00e9 uma das maiores feiras do segmento no mundo e tem\u00a0como\u00a0objetivo apoiar o desenvolvimento do setor atrav\u00e9s da apresenta\u00e7\u00e3o de tecnologias, insumos e equipamentos de ponta que se transformar\u00e3o em oportunidades de neg\u00f3cios. O evento vem sendo realizado desde 1993 com um total de 14 edi\u00e7\u00f5es at\u00e9 hoje e, recentemente, decidiu se reinventar criando uma s\u00e9rie de plataformas e iniciativas voltadas \u00e0 inova\u00e7\u00e3o e solu\u00e7\u00f5es, que tornaram a Fimma uma presen\u00e7a permanente na realidade dos expositores. Em sua \u00faltima edi\u00e7\u00e3o, em 2019, recebeu 23.657 visitantes de 30 pa\u00edses.<\/p>\n<p><strong>Fimma Brasil<\/strong><\/p>\n<p><a href=\"https:\/\/fimma.com.br\/\">https:\/\/fimma.com.br\/<\/a><\/p>\n<p><a href=\"https:\/\/www.facebook.com\/fimmabrasil\">https:\/\/www.facebook.com\/fimmabrasil<\/a><\/p>\n<p><a href=\"https:\/\/www.instagram.com\/fimmabrasil\/\">https:\/\/www.instagram.com\/fimmabrasil\/<\/a><\/p>\n<p><strong>Informa\u00e7\u00f5es para a imprensa:<\/strong><\/p>\n<p>Ana Carolina Azevedo |\u00a0<a href=\"mailto:imprensa@sindmoveis.com.br\">imprensa@sindmoveis.com.br<\/a>\u00a0|\u00a0<a href=\"callto:54%2099938-7897\">54 99938-7897<\/a><\/p>\n","protected":false},"excerpt":{"rendered":"<p>A Feira Internacional de Fornecedores da Cadeia Produtiva de Madeira e M\u00f3veis (Fimma Conex\u00f5es e Neg\u00f3cios) \u00e9 uma das maiores feiras do segmento no mundo e tem\u00a0como\u00a0objetivo apoiar o desenvolvimento&#8230;  <a class=\"excerpt-read-more\" href=\"https:\/\/www.sindmoveis.com.br\/es\/evento\/movelsul-brasil-2022-a-principal-feira-de-moveis-da-america-latina\/\" title=\"Read FIMMA BRASIL 2022 &#8211; Muito mais que uma feira\">Leia mais &raquo;<\/a><\/p>\n","protected":false},"author":4,"featured_media":2732,"template":"","meta":{"_tribe_events_status":"","_tribe_events_status_reason":"","footnotes":"","_links_to":"","_links_to_target":""},"tags":[],"tribe_events_cat":[4],"class_list":["post-2731","tribe_events","type-tribe_events","status-publish","has-post-thumbnail","hentry","tribe_events_cat-nacionales","cat_nacionales"],"yoast_head":"<!-- This site is optimized with the Yoast SEO plugin v27.0 - https:\/\/yoast.com\/product\/yoast-seo-wordpress\/ -->\n<title>FIMMA BRASIL 2022 - Muito mais que uma feira - Sindm\u00f3veis-RS<\/title>\n<meta name=\"robots\" content=\"index, follow, max-snippet:-1, max-image-preview:large, max-video-preview:-1\" \/>\n<link rel=\"canonical\" href=\"https:\/\/www.sindmoveis.com.br\/es\/evento\/movelsul-brasil-2022-a-principal-feira-de-moveis-da-america-latina\/\" \/>\n<meta property=\"og:locale\" content=\"es_ES\" \/>\n<meta property=\"og:type\" content=\"article\" \/>\n<meta property=\"og:title\" content=\"FIMMA BRASIL 2022 - Muito mais que uma feira - Sindm\u00f3veis-RS\" \/>\n<meta property=\"og:description\" content=\"A Feira Internacional de Fornecedores da Cadeia Produtiva de Madeira e M\u00f3veis (Fimma Conex\u00f5es e Neg\u00f3cios) \u00e9 uma das maiores feiras do segmento no mundo e tem\u00a0como\u00a0objetivo apoiar o desenvolvimento... Leia mais &raquo;\" \/>\n<meta property=\"og:url\" content=\"https:\/\/www.sindmoveis.com.br\/es\/evento\/movelsul-brasil-2022-a-principal-feira-de-moveis-da-america-latina\/\" \/>\n<meta property=\"og:site_name\" content=\"Sindm\u00f3veis-RS\" \/>\n<meta property=\"article:modified_time\" content=\"2021-05-13T11:55:07+00:00\" \/>\n<meta property=\"og:image\" content=\"https:\/\/www.sindmoveis.com.br\/es\/wp-content\/uploads\/2021\/05\/fimma.jpg\" \/>\n\t<meta property=\"og:image:width\" content=\"667\" \/>\n\t<meta property=\"og:image:height\" content=\"667\" \/>\n\t<meta property=\"og:image:type\" content=\"image\/jpeg\" \/>\n<meta name=\"twitter:card\" content=\"summary_large_image\" \/>\n<meta name=\"twitter:label1\" content=\"Tiempo de lectura\" \/>\n\t<meta name=\"twitter:data1\" content=\"1 minuto\" \/>\n<script type=\"application\/ld+json\" class=\"yoast-schema-graph\">{\"@context\":\"https:\/\/schema.org\",\"@graph\":[{\"@type\":\"WebPage\",\"@id\":\"https:\/\/www.sindmoveis.com.br\/es\/evento\/movelsul-brasil-2022-a-principal-feira-de-moveis-da-america-latina\/\",\"url\":\"https:\/\/www.sindmoveis.com.br\/es\/evento\/movelsul-brasil-2022-a-principal-feira-de-moveis-da-america-latina\/\",\"name\":\"FIMMA BRASIL 2022 - Muito mais que uma feira - Sindm\u00f3veis-RS\",\"isPartOf\":{\"@id\":\"https:\/\/www.sindmoveis.com.br\/es\/#website\"},\"primaryImageOfPage\":{\"@id\":\"https:\/\/www.sindmoveis.com.br\/es\/evento\/movelsul-brasil-2022-a-principal-feira-de-moveis-da-america-latina\/#primaryimage\"},\"image\":{\"@id\":\"https:\/\/www.sindmoveis.com.br\/es\/evento\/movelsul-brasil-2022-a-principal-feira-de-moveis-da-america-latina\/#primaryimage\"},\"thumbnailUrl\":\"https:\/\/www.sindmoveis.com.br\/es\/wp-content\/uploads\/2021\/05\/fimma.jpg\",\"datePublished\":\"2021-05-12T17:53:16+00:00\",\"dateModified\":\"2021-05-13T11:55:07+00:00\",\"breadcrumb\":{\"@id\":\"https:\/\/www.sindmoveis.com.br\/es\/evento\/movelsul-brasil-2022-a-principal-feira-de-moveis-da-america-latina\/#breadcrumb\"},\"inLanguage\":\"es\",\"potentialAction\":[{\"@type\":\"ReadAction\",\"target\":[\"https:\/\/www.sindmoveis.com.br\/es\/evento\/movelsul-brasil-2022-a-principal-feira-de-moveis-da-america-latina\/\"]}]},{\"@type\":\"ImageObject\",\"inLanguage\":\"es\",\"@id\":\"https:\/\/www.sindmoveis.com.br\/es\/evento\/movelsul-brasil-2022-a-principal-feira-de-moveis-da-america-latina\/#primaryimage\",\"url\":\"https:\/\/www.sindmoveis.com.br\/es\/wp-content\/uploads\/2021\/05\/fimma.jpg\",\"contentUrl\":\"https:\/\/www.sindmoveis.com.br\/es\/wp-content\/uploads\/2021\/05\/fimma.jpg\",\"width\":667,\"height\":667},{\"@type\":\"BreadcrumbList\",\"@id\":\"https:\/\/www.sindmoveis.com.br\/es\/evento\/movelsul-brasil-2022-a-principal-feira-de-moveis-da-america-latina\/#breadcrumb\",\"itemListElement\":[{\"@type\":\"ListItem\",\"position\":1,\"name\":\"Eventos\",\"item\":\"https:\/\/www.sindmoveis.com.br\/es\/events\/\"},{\"@type\":\"ListItem\",\"position\":2,\"name\":\"FIMMA BRASIL 2022 &#8211; Muito mais que uma feira\"}]},{\"@type\":\"WebSite\",\"@id\":\"https:\/\/www.sindmoveis.com.br\/es\/#website\",\"url\":\"https:\/\/www.sindmoveis.com.br\/es\/\",\"name\":\"Sindm\u00f3veis-RS\",\"description\":\"\",\"potentialAction\":[{\"@type\":\"SearchAction\",\"target\":{\"@type\":\"EntryPoint\",\"urlTemplate\":\"https:\/\/www.sindmoveis.com.br\/es\/?s={search_term_string}\"},\"query-input\":{\"@type\":\"PropertyValueSpecification\",\"valueRequired\":true,\"valueName\":\"search_term_string\"}}],\"inLanguage\":\"es\"}]}<\/script>\n<!-- \/ Yoast SEO plugin. -->","yoast_head_json":{"title":"FIMMA BRASIL 2022 - Muito mais que uma feira - Sindm\u00f3veis-RS","robots":{"index":"index","follow":"follow","max-snippet":"max-snippet:-1","max-image-preview":"max-image-preview:large","max-video-preview":"max-video-preview:-1"},"canonical":"https:\/\/www.sindmoveis.com.br\/es\/evento\/movelsul-brasil-2022-a-principal-feira-de-moveis-da-america-latina\/","og_locale":"es_ES","og_type":"article","og_title":"FIMMA BRASIL 2022 - Muito mais que uma feira - Sindm\u00f3veis-RS","og_description":"A Feira Internacional de Fornecedores da Cadeia Produtiva de Madeira e M\u00f3veis (Fimma Conex\u00f5es e Neg\u00f3cios) \u00e9 uma das maiores feiras do segmento no mundo e tem\u00a0como\u00a0objetivo apoiar o desenvolvimento... Leia mais &raquo;","og_url":"https:\/\/www.sindmoveis.com.br\/es\/evento\/movelsul-brasil-2022-a-principal-feira-de-moveis-da-america-latina\/","og_site_name":"Sindm\u00f3veis-RS","article_modified_time":"2021-05-13T11:55:07+00:00","og_image":[{"width":667,"height":667,"url":"https:\/\/www.sindmoveis.com.br\/es\/wp-content\/uploads\/2021\/05\/fimma.jpg","type":"image\/jpeg"}],"twitter_card":"summary_large_image","twitter_misc":{"Tiempo de lectura":"1 minuto"},"schema":{"@context":"https:\/\/schema.org","@graph":[{"@type":"WebPage","@id":"https:\/\/www.sindmoveis.com.br\/es\/evento\/movelsul-brasil-2022-a-principal-feira-de-moveis-da-america-latina\/","url":"https:\/\/www.sindmoveis.com.br\/es\/evento\/movelsul-brasil-2022-a-principal-feira-de-moveis-da-america-latina\/","name":"FIMMA BRASIL 2022 - Muito mais que uma feira - Sindm\u00f3veis-RS","isPartOf":{"@id":"https:\/\/www.sindmoveis.com.br\/es\/#website"},"primaryImageOfPage":{"@id":"https:\/\/www.sindmoveis.com.br\/es\/evento\/movelsul-brasil-2022-a-principal-feira-de-moveis-da-america-latina\/#primaryimage"},"image":{"@id":"https:\/\/www.sindmoveis.com.br\/es\/evento\/movelsul-brasil-2022-a-principal-feira-de-moveis-da-america-latina\/#primaryimage"},"thumbnailUrl":"https:\/\/www.sindmoveis.com.br\/es\/wp-content\/uploads\/2021\/05\/fimma.jpg","datePublished":"2021-05-12T17:53:16+00:00","dateModified":"2021-05-13T11:55:07+00:00","breadcrumb":{"@id":"https:\/\/www.sindmoveis.com.br\/es\/evento\/movelsul-brasil-2022-a-principal-feira-de-moveis-da-america-latina\/#breadcrumb"},"inLanguage":"es","potentialAction":[{"@type":"ReadAction","target":["https:\/\/www.sindmoveis.com.br\/es\/evento\/movelsul-brasil-2022-a-principal-feira-de-moveis-da-america-latina\/"]}]},{"@type":"ImageObject","inLanguage":"es","@id":"https:\/\/www.sindmoveis.com.br\/es\/evento\/movelsul-brasil-2022-a-principal-feira-de-moveis-da-america-latina\/#primaryimage","url":"https:\/\/www.sindmoveis.com.br\/es\/wp-content\/uploads\/2021\/05\/fimma.jpg","contentUrl":"https:\/\/www.sindmoveis.com.br\/es\/wp-content\/uploads\/2021\/05\/fimma.jpg","width":667,"height":667},{"@type":"BreadcrumbList","@id":"https:\/\/www.sindmoveis.com.br\/es\/evento\/movelsul-brasil-2022-a-principal-feira-de-moveis-da-america-latina\/#breadcrumb","itemListElement":[{"@type":"ListItem","position":1,"name":"Eventos","item":"https:\/\/www.sindmoveis.com.br\/es\/events\/"},{"@type":"ListItem","position":2,"name":"FIMMA BRASIL 2022 &#8211; Muito mais que uma feira"}]},{"@type":"WebSite","@id":"https:\/\/www.sindmoveis.com.br\/es\/#website","url":"https:\/\/www.sindmoveis.com.br\/es\/","name":"Sindm\u00f3veis-RS","description":"","potentialAction":[{"@type":"SearchAction","target":{"@type":"EntryPoint","urlTemplate":"https:\/\/www.sindmoveis.com.br\/es\/?s={search_term_string}"},"query-input":{"@type":"PropertyValueSpecification","valueRequired":true,"valueName":"search_term_string"}}],"inLanguage":"es"}]}},"_links":{"self":[{"href":"https:\/\/www.sindmoveis.com.br\/es\/wp-json\/wp\/v2\/tribe_events\/2731","targetHints":{"allow":["GET"]}}],"collection":[{"href":"https:\/\/www.sindmoveis.com.br\/es\/wp-json\/wp\/v2\/tribe_events"}],"about":[{"href":"https:\/\/www.sindmoveis.com.br\/es\/wp-json\/wp\/v2\/types\/tribe_events"}],"author":[{"embeddable":true,"href":"https:\/\/www.sindmoveis.com.br\/es\/wp-json\/wp\/v2\/users\/4"}],"version-history":[{"count":4,"href":"https:\/\/www.sindmoveis.com.br\/es\/wp-json\/wp\/v2\/tribe_events\/2731\/revisions"}],"predecessor-version":[{"id":2740,"href":"https:\/\/www.sindmoveis.com.br\/es\/wp-json\/wp\/v2\/tribe_events\/2731\/revisions\/2740"}],"wp:featuredmedia":[{"embeddable":true,"href":"https:\/\/www.sindmoveis.com.br\/es\/wp-json\/wp\/v2\/media\/2732"}],"wp:attachment":[{"href":"https:\/\/www.sindmoveis.com.br\/es\/wp-json\/wp\/v2\/media?parent=2731"}],"wp:term":[{"taxonomy":"post_tag","embeddable":true,"href":"https:\/\/www.sindmoveis.com.br\/es\/wp-json\/wp\/v2\/tags?post=2731"},{"taxonomy":"tribe_events_cat","embeddable":true,"href":"https:\/\/www.sindmoveis.com.br\/es\/wp-json\/wp\/v2\/tribe_events_cat?post=2731"}],"curies":[{"name":"wp","href":"https:\/\/api.w.org\/{rel}","templated":true}]}}

<p>A Feira Internacional de Fornecedores da Cadeia Produtiva de Madeira e Móveis (Fimma Conexões e Negócios) é uma das maiores feiras do segmento no mundo e tem como objetivo apoiar o desenvolvimento do setor através da apresentação de tecnologias, insumos e equipamentos de ponta que se transformarão em oportunidades de negócios. O evento vem sendo realizado desde 1993 com um total de 14 edições até hoje e, recentemente, decidiu se reinventar criando uma série de plataformas e iniciativas voltadas à inovação e soluções, que tornaram a Fimma uma presença permanente na realidade dos expositores. Em sua última edição, em 2019, recebeu 23.657 visitantes de 30 países.</p>
<p><strong>Fimma Brasil</strong></p>
<p><a href="https://fimma.com.br/">https://fimma.com.br/</a></p>
<p><a href="https://www.facebook.com/fimmabrasil">https://www.facebook.com/fimmabrasil</a></p>
<p><a href="https://www.instagram.com/fimmabrasil/">https://www.instagram.com/fimmabrasil/</a></p>
<p><strong>Informações para a imprensa:</strong></p>
<p>Ana Carolina Azevedo | <a href="mailto:imprensa@sindmoveis.com.br">imprensa@sindmoveis.com.br</a> | <a href="callto:54%2099938-7897">54 99938-7897</a></p>

<p>A Feira Internacional de Fornecedores da Cadeia Produtiva de Madeira e Móveis (Fimma Conexões e Negócios) é uma das maiores feiras do segmento no mundo e tem como objetivo apoiar o desenvolvimento&#8230;  <a class="excerpt-read-more" href="https://www.sindmoveis.com.br/es/evento/movelsul-brasil-2022-a-principal-feira-de-moveis-da-america-latina/" title="Read FIMMA BRASIL 2022 &#8211; Muito mais que uma feira">Leia mais &raquo;</a></p>

<!-- This site is optimized with the Yoast SEO plugin v27.0 - https://yoast.com/product/yoast-seo-wordpress/ -->
<title>FIMMA BRASIL 2022 - Muito mais que uma feira - Sindmóveis-RS</title>
<meta name="robots" content="index, follow, max-snippet:-1, max-image-preview:large, max-video-preview:-1" />
<link rel="canonical" href="https://www.sindmoveis.com.br/es/evento/movelsul-brasil-2022-a-principal-feira-de-moveis-da-america-latina/" />
<meta property="og:locale" content="es_ES" />
<meta property="og:type" content="article" />
<meta property="og:title" content="FIMMA BRASIL 2022 - Muito mais que uma feira - Sindmóveis-RS" />
<meta property="og:description" content="A Feira Internacional de Fornecedores da Cadeia Produtiva de Madeira e Móveis (Fimma Conexões e Negócios) é uma das maiores feiras do segmento no mundo e tem como objetivo apoiar o desenvolvimento... Leia mais &raquo;" />
<meta property="og:url" content="https://www.sindmoveis.com.br/es/evento/movelsul-brasil-2022-a-principal-feira-de-moveis-da-america-latina/" />
<meta property="og:site_name" content="Sindmóveis-RS" />
<meta property="article:modified_time" content="2021-05-13T11:55:07+00:00" />
<meta property="og:image" content="https://www.sindmoveis.com.br/es/wp-content/uploads/2021/05/fimma.jpg" />
	<meta property="og:image:width" content="667" />
	<meta property="og:image:height" content="667" />
	<meta property="og:image:type" content="image/jpeg" />
<meta name="twitter:card" content="summary_large_image" />
<meta name="twitter:label1" content="Tiempo de lectura" />
	<meta name="twitter:data1" content="1 minuto" />
<script type="application/ld+json" class="yoast-schema-graph">{"@context":"https://schema.org","@graph":[{"@type":"WebPage","@id":"https://www.sindmoveis.com.br/es/evento/movelsul-brasil-2022-a-principal-feira-de-moveis-da-america-latina/","url":"https://www.sindmoveis.com.br/es/evento/movelsul-brasil-2022-a-principal-feira-de-moveis-da-america-latina/","name":"FIMMA BRASIL 2022 - Muito mais que uma feira - Sindmóveis-RS","isPartOf":{"@id":"https://www.sindmoveis.com.br/es/#website"},"primaryImageOfPage":{"@id":"https://www.sindmoveis.com.br/es/evento/movelsul-brasil-2022-a-principal-feira-de-moveis-da-america-latina/#primaryimage"},"image":{"@id":"https://www.sindmoveis.com.br/es/evento/movelsul-brasil-2022-a-principal-feira-de-moveis-da-america-latina/#primaryimage"},"thumbnailUrl":"https://www.sindmoveis.com.br/es/wp-content/uploads/2021/05/fimma.jpg","datePublished":"2021-05-12T17:53:16+00:00","dateModified":"2021-05-13T11:55:07+00:00","breadcrumb":{"@id":"https://www.sindmoveis.com.br/es/evento/movelsul-brasil-2022-a-principal-feira-de-moveis-da-america-latina/#breadcrumb"},"inLanguage":"es","potentialAction":[{"@type":"ReadAction","target":["https://www.sindmoveis.com.br/es/evento/movelsul-brasil-2022-a-principal-feira-de-moveis-da-america-latina/"]}]},{"@type":"ImageObject","inLanguage":"es","@id":"https://www.sindmoveis.com.br/es/evento/movelsul-brasil-2022-a-principal-feira-de-moveis-da-america-latina/#primaryimage","url":"https://www.sindmoveis.com.br/es/wp-content/uploads/2021/05/fimma.jpg","contentUrl":"https://www.sindmoveis.com.br/es/wp-content/uploads/2021/05/fimma.jpg","width":667,"height":667},{"@type":"BreadcrumbList","@id":"https://www.sindmoveis.com.br/es/evento/movelsul-brasil-2022-a-principal-feira-de-moveis-da-america-latina/#breadcrumb","itemListElement":[{"@type":"ListItem","position":1,"name":"Eventos","item":"https://www.sindmoveis.com.br/es/events/"},{"@type":"ListItem","position":2,"name":"FIMMA BRASIL 2022 &#8211; Muito mais que uma feira"}]},{"@type":"WebSite","@id":"https://www.sindmoveis.com.br/es/#website","url":"https://www.sindmoveis.com.br/es/","name":"Sindmóveis-RS","description":"","potentialAction":[{"@type":"SearchAction","target":{"@type":"EntryPoint","urlTemplate":"https://www.sindmoveis.com.br/es/?s={search_term_string}"},"query-input":{"@type":"PropertyValueSpecification","valueRequired":true,"valueName":"search_term_string"}}],"inLanguage":"es"}]}</script>
<!-- / Yoast SEO plugin. -->

FIMMA BRASIL 2022 - Muito mais que uma feira - Sindmóveis-RS

A Feira Internacional de Fornecedores da Cadeia Produtiva de Madeira e Móveis (Fimma Conexões e Negócios) é uma das maiores feiras do segmento no mundo e tem como objetivo apoiar o desenvolvimento... Leia mais &raquo;

Sindmóveis-RS
