{"id":2688,"date":"2021-05-12T14:26:16","date_gmt":"2021-05-12T17:26:16","guid":{"rendered":"http:\/\/sindmoveis.com.br\/?post_type=tribe_events&#038;p=2688"},"modified":"2021-05-24T14:51:02","modified_gmt":"2021-05-24T17:51:02","slug":"movelsul-brasil","status":"publish","type":"tribe_events","link":"https:\/\/www.sindmoveis.com.br\/en\/evento\/movelsul-brasil\/","title":{"rendered":"MOVELSUL BRASIL 2022 &#8211; A principal feira de m\u00f3veis da Am\u00e9rica Latina"},"content":{"rendered":"<p>Movelsul Brasil \u00e9 a principal feira de m\u00f3veis da Am\u00e9rica Latina em \u00e1rea de exposi\u00e7\u00e3o, n\u00famero de expositores e visitantes profissionais. Com 21 edi\u00e7\u00f5es realizadas desde 1977 pelo Sindm\u00f3veis Bento Gon\u00e7alves, ocorre a cada dois anos no maior polo moveleiro do pa\u00eds: um evento com grande potencial de neg\u00f3cios no mercado interno atraindo lojistas e as principais redes de varejo, compradores corporativos, investidores, arquitetos e forte atra\u00e7\u00e3o de importadores dos principais mercados-alvo da ind\u00fastria brasileira de m\u00f3veis. Em sua \u00faltima edi\u00e7\u00e3o, em 2018, teve 30.284 visitantes profissionais de 33 pa\u00edses.<\/p>\n<p><strong>Movelsul Brasil<\/strong><\/p>\n<p><a href=\"https:\/\/www.movelsul.com.br\/\">https:\/\/www.movelsul.com.br\/<\/a><\/p>\n<p><a href=\"https:\/\/www.facebook.com\/movelsul.brasil\/\">https:\/\/www.facebook.com\/movelsul.brasil\/<\/a><\/p>\n<p><a href=\"https:\/\/www.instagram.com\/movelsulbrasil\/\">https:\/\/www.instagram.com\/movelsulbrasil\/<\/a><\/p>\n<p>&nbsp;<\/p>\n<p><strong>Informa\u00e7\u00f5es para a imprensa:<\/strong><\/p>\n<p>Ana Carolina Azevedo |\u00a0<a href=\"mailto:imprensa@sindmoveis.com.br\">imprensa@sindmoveis.com.br<\/a>\u00a0|\u00a0<a href=\"callto:54%2099938-7897\">54 99938-7897<\/a><\/p>\n","protected":false},"excerpt":{"rendered":"<p>Movelsul Brasil \u00e9 a principal feira de m\u00f3veis da Am\u00e9rica Latina em \u00e1rea de exposi\u00e7\u00e3o, n\u00famero de expositores e visitantes profissionais. Com 21 edi\u00e7\u00f5es realizadas desde 1977 pelo Sindm\u00f3veis Bento&#8230;  <a class=\"excerpt-read-more\" href=\"https:\/\/www.sindmoveis.com.br\/en\/evento\/movelsul-brasil\/\" title=\"Read MOVELSUL BRASIL 2022 &#8211; A principal feira de m\u00f3veis da Am\u00e9rica Latina\">Leia mais &raquo;<\/a><\/p>\n","protected":false},"author":4,"featured_media":2724,"template":"","meta":{"_tribe_events_status":"","_tribe_events_status_reason":"","footnotes":"","_links_to":"","_links_to_target":""},"tags":[],"tribe_events_cat":[6],"class_list":["post-2688","tribe_events","type-tribe_events","status-publish","has-post-thumbnail","hentry","tribe_events_cat-sindmoveis","cat_sindmoveis"],"yoast_head":"<!-- This site is optimized with the Yoast SEO plugin v27.0 - https:\/\/yoast.com\/product\/yoast-seo-wordpress\/ -->\n<title>MOVELSUL BRASIL 2022 - A principal feira de m\u00f3veis da Am\u00e9rica Latina - Sindm\u00f3veis-RS<\/title>\n<meta name=\"robots\" content=\"index, follow, max-snippet:-1, max-image-preview:large, max-video-preview:-1\" \/>\n<link rel=\"canonical\" href=\"https:\/\/www.sindmoveis.com.br\/en\/evento\/movelsul-brasil\/\" \/>\n<meta property=\"og:locale\" content=\"en_US\" \/>\n<meta property=\"og:type\" content=\"article\" \/>\n<meta property=\"og:title\" content=\"MOVELSUL BRASIL 2022 - A principal feira de m\u00f3veis da Am\u00e9rica Latina - Sindm\u00f3veis-RS\" \/>\n<meta property=\"og:description\" content=\"Movelsul Brasil \u00e9 a principal feira de m\u00f3veis da Am\u00e9rica Latina em \u00e1rea de exposi\u00e7\u00e3o, n\u00famero de expositores e visitantes profissionais. Com 21 edi\u00e7\u00f5es realizadas desde 1977 pelo Sindm\u00f3veis Bento... Leia mais &raquo;\" \/>\n<meta property=\"og:url\" content=\"https:\/\/www.sindmoveis.com.br\/en\/evento\/movelsul-brasil\/\" \/>\n<meta property=\"og:site_name\" content=\"Sindm\u00f3veis-RS\" \/>\n<meta property=\"article:modified_time\" content=\"2021-05-24T17:51:02+00:00\" \/>\n<meta property=\"og:image\" content=\"https:\/\/www.sindmoveis.com.br\/en\/wp-content\/uploads\/2021\/05\/movelsul.png\" \/>\n\t<meta property=\"og:image:width\" content=\"944\" \/>\n\t<meta property=\"og:image:height\" content=\"345\" \/>\n\t<meta property=\"og:image:type\" content=\"image\/png\" \/>\n<meta name=\"twitter:card\" content=\"summary_large_image\" \/>\n<meta name=\"twitter:label1\" content=\"Est. reading time\" \/>\n\t<meta name=\"twitter:data1\" content=\"1 minute\" \/>\n<script type=\"application\/ld+json\" class=\"yoast-schema-graph\">{\"@context\":\"https:\/\/schema.org\",\"@graph\":[{\"@type\":\"WebPage\",\"@id\":\"https:\/\/www.sindmoveis.com.br\/en\/evento\/movelsul-brasil\/\",\"url\":\"https:\/\/www.sindmoveis.com.br\/en\/evento\/movelsul-brasil\/\",\"name\":\"MOVELSUL BRASIL 2022 - A principal feira de m\u00f3veis da Am\u00e9rica Latina - Sindm\u00f3veis-RS\",\"isPartOf\":{\"@id\":\"https:\/\/www.sindmoveis.com.br\/en\/#website\"},\"primaryImageOfPage\":{\"@id\":\"https:\/\/www.sindmoveis.com.br\/en\/evento\/movelsul-brasil\/#primaryimage\"},\"image\":{\"@id\":\"https:\/\/www.sindmoveis.com.br\/en\/evento\/movelsul-brasil\/#primaryimage\"},\"thumbnailUrl\":\"https:\/\/www.sindmoveis.com.br\/en\/wp-content\/uploads\/2021\/05\/movelsul.png\",\"datePublished\":\"2021-05-12T17:26:16+00:00\",\"dateModified\":\"2021-05-24T17:51:02+00:00\",\"breadcrumb\":{\"@id\":\"https:\/\/www.sindmoveis.com.br\/en\/evento\/movelsul-brasil\/#breadcrumb\"},\"inLanguage\":\"en-US\",\"potentialAction\":[{\"@type\":\"ReadAction\",\"target\":[\"https:\/\/www.sindmoveis.com.br\/en\/evento\/movelsul-brasil\/\"]}]},{\"@type\":\"ImageObject\",\"inLanguage\":\"en-US\",\"@id\":\"https:\/\/www.sindmoveis.com.br\/en\/evento\/movelsul-brasil\/#primaryimage\",\"url\":\"https:\/\/www.sindmoveis.com.br\/en\/wp-content\/uploads\/2021\/05\/movelsul.png\",\"contentUrl\":\"https:\/\/www.sindmoveis.com.br\/en\/wp-content\/uploads\/2021\/05\/movelsul.png\",\"width\":944,\"height\":345},{\"@type\":\"BreadcrumbList\",\"@id\":\"https:\/\/www.sindmoveis.com.br\/en\/evento\/movelsul-brasil\/#breadcrumb\",\"itemListElement\":[{\"@type\":\"ListItem\",\"position\":1,\"name\":\"Events\",\"item\":\"https:\/\/www.sindmoveis.com.br\/en\/events\/\"},{\"@type\":\"ListItem\",\"position\":2,\"name\":\"MOVELSUL BRASIL 2022 &#8211; A principal feira de m\u00f3veis da Am\u00e9rica Latina\"}]},{\"@type\":\"WebSite\",\"@id\":\"https:\/\/www.sindmoveis.com.br\/en\/#website\",\"url\":\"https:\/\/www.sindmoveis.com.br\/en\/\",\"name\":\"Sindm\u00f3veis-RS\",\"description\":\"\",\"potentialAction\":[{\"@type\":\"SearchAction\",\"target\":{\"@type\":\"EntryPoint\",\"urlTemplate\":\"https:\/\/www.sindmoveis.com.br\/en\/?s={search_term_string}\"},\"query-input\":{\"@type\":\"PropertyValueSpecification\",\"valueRequired\":true,\"valueName\":\"search_term_string\"}}],\"inLanguage\":\"en-US\"}]}<\/script>\n<!-- \/ Yoast SEO plugin. -->","yoast_head_json":{"title":"MOVELSUL BRASIL 2022 - A principal feira de m\u00f3veis da Am\u00e9rica Latina - Sindm\u00f3veis-RS","robots":{"index":"index","follow":"follow","max-snippet":"max-snippet:-1","max-image-preview":"max-image-preview:large","max-video-preview":"max-video-preview:-1"},"canonical":"https:\/\/www.sindmoveis.com.br\/en\/evento\/movelsul-brasil\/","og_locale":"en_US","og_type":"article","og_title":"MOVELSUL BRASIL 2022 - A principal feira de m\u00f3veis da Am\u00e9rica Latina - Sindm\u00f3veis-RS","og_description":"Movelsul Brasil \u00e9 a principal feira de m\u00f3veis da Am\u00e9rica Latina em \u00e1rea de exposi\u00e7\u00e3o, n\u00famero de expositores e visitantes profissionais. Com 21 edi\u00e7\u00f5es realizadas desde 1977 pelo Sindm\u00f3veis Bento... Leia mais &raquo;","og_url":"https:\/\/www.sindmoveis.com.br\/en\/evento\/movelsul-brasil\/","og_site_name":"Sindm\u00f3veis-RS","article_modified_time":"2021-05-24T17:51:02+00:00","og_image":[{"width":944,"height":345,"url":"https:\/\/www.sindmoveis.com.br\/en\/wp-content\/uploads\/2021\/05\/movelsul.png","type":"image\/png"}],"twitter_card":"summary_large_image","twitter_misc":{"Est. reading time":"1 minute"},"schema":{"@context":"https:\/\/schema.org","@graph":[{"@type":"WebPage","@id":"https:\/\/www.sindmoveis.com.br\/en\/evento\/movelsul-brasil\/","url":"https:\/\/www.sindmoveis.com.br\/en\/evento\/movelsul-brasil\/","name":"MOVELSUL BRASIL 2022 - A principal feira de m\u00f3veis da Am\u00e9rica Latina - Sindm\u00f3veis-RS","isPartOf":{"@id":"https:\/\/www.sindmoveis.com.br\/en\/#website"},"primaryImageOfPage":{"@id":"https:\/\/www.sindmoveis.com.br\/en\/evento\/movelsul-brasil\/#primaryimage"},"image":{"@id":"https:\/\/www.sindmoveis.com.br\/en\/evento\/movelsul-brasil\/#primaryimage"},"thumbnailUrl":"https:\/\/www.sindmoveis.com.br\/en\/wp-content\/uploads\/2021\/05\/movelsul.png","datePublished":"2021-05-12T17:26:16+00:00","dateModified":"2021-05-24T17:51:02+00:00","breadcrumb":{"@id":"https:\/\/www.sindmoveis.com.br\/en\/evento\/movelsul-brasil\/#breadcrumb"},"inLanguage":"en-US","potentialAction":[{"@type":"ReadAction","target":["https:\/\/www.sindmoveis.com.br\/en\/evento\/movelsul-brasil\/"]}]},{"@type":"ImageObject","inLanguage":"en-US","@id":"https:\/\/www.sindmoveis.com.br\/en\/evento\/movelsul-brasil\/#primaryimage","url":"https:\/\/www.sindmoveis.com.br\/en\/wp-content\/uploads\/2021\/05\/movelsul.png","contentUrl":"https:\/\/www.sindmoveis.com.br\/en\/wp-content\/uploads\/2021\/05\/movelsul.png","width":944,"height":345},{"@type":"BreadcrumbList","@id":"https:\/\/www.sindmoveis.com.br\/en\/evento\/movelsul-brasil\/#breadcrumb","itemListElement":[{"@type":"ListItem","position":1,"name":"Events","item":"https:\/\/www.sindmoveis.com.br\/en\/events\/"},{"@type":"ListItem","position":2,"name":"MOVELSUL BRASIL 2022 &#8211; A principal feira de m\u00f3veis da Am\u00e9rica Latina"}]},{"@type":"WebSite","@id":"https:\/\/www.sindmoveis.com.br\/en\/#website","url":"https:\/\/www.sindmoveis.com.br\/en\/","name":"Sindm\u00f3veis-RS","description":"","potentialAction":[{"@type":"SearchAction","target":{"@type":"EntryPoint","urlTemplate":"https:\/\/www.sindmoveis.com.br\/en\/?s={search_term_string}"},"query-input":{"@type":"PropertyValueSpecification","valueRequired":true,"valueName":"search_term_string"}}],"inLanguage":"en-US"}]}},"_links":{"self":[{"href":"https:\/\/www.sindmoveis.com.br\/en\/wp-json\/wp\/v2\/tribe_events\/2688","targetHints":{"allow":["GET"]}}],"collection":[{"href":"https:\/\/www.sindmoveis.com.br\/en\/wp-json\/wp\/v2\/tribe_events"}],"about":[{"href":"https:\/\/www.sindmoveis.com.br\/en\/wp-json\/wp\/v2\/types\/tribe_events"}],"author":[{"embeddable":true,"href":"https:\/\/www.sindmoveis.com.br\/en\/wp-json\/wp\/v2\/users\/4"}],"version-history":[{"count":4,"href":"https:\/\/www.sindmoveis.com.br\/en\/wp-json\/wp\/v2\/tribe_events\/2688\/revisions"}],"predecessor-version":[{"id":2739,"href":"https:\/\/www.sindmoveis.com.br\/en\/wp-json\/wp\/v2\/tribe_events\/2688\/revisions\/2739"}],"wp:featuredmedia":[{"embeddable":true,"href":"https:\/\/www.sindmoveis.com.br\/en\/wp-json\/wp\/v2\/media\/2724"}],"wp:attachment":[{"href":"https:\/\/www.sindmoveis.com.br\/en\/wp-json\/wp\/v2\/media?parent=2688"}],"wp:term":[{"taxonomy":"post_tag","embeddable":true,"href":"https:\/\/www.sindmoveis.com.br\/en\/wp-json\/wp\/v2\/tags?post=2688"},{"taxonomy":"tribe_events_cat","embeddable":true,"href":"https:\/\/www.sindmoveis.com.br\/en\/wp-json\/wp\/v2\/tribe_events_cat?post=2688"}],"curies":[{"name":"wp","href":"https:\/\/api.w.org\/{rel}","templated":true}]}}

MOVELSUL BRASIL 2022 &#8211; A principal feira de móveis da América Latina

<p>Movelsul Brasil é a principal feira de móveis da América Latina em área de exposição, número de expositores e visitantes profissionais. Com 21 edições realizadas desde 1977 pelo Sindmóveis Bento Gonçalves, ocorre a cada dois anos no maior polo moveleiro do país: um evento com grande potencial de negócios no mercado interno atraindo lojistas e as principais redes de varejo, compradores corporativos, investidores, arquitetos e forte atração de importadores dos principais mercados-alvo da indústria brasileira de móveis. Em sua última edição, em 2018, teve 30.284 visitantes profissionais de 33 países.</p>
<p><strong>Movelsul Brasil</strong></p>
<p><a href="https://www.movelsul.com.br/">https://www.movelsul.com.br/</a></p>
<p><a href="https://www.facebook.com/movelsul.brasil/">https://www.facebook.com/movelsul.brasil/</a></p>
<p><a href="https://www.instagram.com/movelsulbrasil/">https://www.instagram.com/movelsulbrasil/</a></p>
<p>&nbsp;</p>
<p><strong>Informações para a imprensa:</strong></p>
<p>Ana Carolina Azevedo | <a href="mailto:imprensa@sindmoveis.com.br">imprensa@sindmoveis.com.br</a> | <a href="callto:54%2099938-7897">54 99938-7897</a></p>

<p>Movelsul Brasil é a principal feira de móveis da América Latina em área de exposição, número de expositores e visitantes profissionais. Com 21 edições realizadas desde 1977 pelo Sindmóveis Bento&#8230;  <a class="excerpt-read-more" href="https://www.sindmoveis.com.br/en/evento/movelsul-brasil/" title="Read MOVELSUL BRASIL 2022 &#8211; A principal feira de móveis da América Latina">Leia mais &raquo;</a></p>

<!-- This site is optimized with the Yoast SEO plugin v27.0 - https://yoast.com/product/yoast-seo-wordpress/ -->
<title>MOVELSUL BRASIL 2022 - A principal feira de móveis da América Latina - Sindmóveis-RS</title>
<meta name="robots" content="index, follow, max-snippet:-1, max-image-preview:large, max-video-preview:-1" />
<link rel="canonical" href="https://www.sindmoveis.com.br/en/evento/movelsul-brasil/" />
<meta property="og:locale" content="en_US" />
<meta property="og:type" content="article" />
<meta property="og:title" content="MOVELSUL BRASIL 2022 - A principal feira de móveis da América Latina - Sindmóveis-RS" />
<meta property="og:description" content="Movelsul Brasil é a principal feira de móveis da América Latina em área de exposição, número de expositores e visitantes profissionais. Com 21 edições realizadas desde 1977 pelo Sindmóveis Bento... Leia mais &raquo;" />
<meta property="og:url" content="https://www.sindmoveis.com.br/en/evento/movelsul-brasil/" />
<meta property="og:site_name" content="Sindmóveis-RS" />
<meta property="article:modified_time" content="2021-05-24T17:51:02+00:00" />
<meta property="og:image" content="https://www.sindmoveis.com.br/en/wp-content/uploads/2021/05/movelsul.png" />
	<meta property="og:image:width" content="944" />
	<meta property="og:image:height" content="345" />
	<meta property="og:image:type" content="image/png" />
<meta name="twitter:card" content="summary_large_image" />
<meta name="twitter:label1" content="Est. reading time" />
	<meta name="twitter:data1" content="1 minute" />
<script type="application/ld+json" class="yoast-schema-graph">{"@context":"https://schema.org","@graph":[{"@type":"WebPage","@id":"https://www.sindmoveis.com.br/en/evento/movelsul-brasil/","url":"https://www.sindmoveis.com.br/en/evento/movelsul-brasil/","name":"MOVELSUL BRASIL 2022 - A principal feira de móveis da América Latina - Sindmóveis-RS","isPartOf":{"@id":"https://www.sindmoveis.com.br/en/#website"},"primaryImageOfPage":{"@id":"https://www.sindmoveis.com.br/en/evento/movelsul-brasil/#primaryimage"},"image":{"@id":"https://www.sindmoveis.com.br/en/evento/movelsul-brasil/#primaryimage"},"thumbnailUrl":"https://www.sindmoveis.com.br/en/wp-content/uploads/2021/05/movelsul.png","datePublished":"2021-05-12T17:26:16+00:00","dateModified":"2021-05-24T17:51:02+00:00","breadcrumb":{"@id":"https://www.sindmoveis.com.br/en/evento/movelsul-brasil/#breadcrumb"},"inLanguage":"en-US","potentialAction":[{"@type":"ReadAction","target":["https://www.sindmoveis.com.br/en/evento/movelsul-brasil/"]}]},{"@type":"ImageObject","inLanguage":"en-US","@id":"https://www.sindmoveis.com.br/en/evento/movelsul-brasil/#primaryimage","url":"https://www.sindmoveis.com.br/en/wp-content/uploads/2021/05/movelsul.png","contentUrl":"https://www.sindmoveis.com.br/en/wp-content/uploads/2021/05/movelsul.png","width":944,"height":345},{"@type":"BreadcrumbList","@id":"https://www.sindmoveis.com.br/en/evento/movelsul-brasil/#breadcrumb","itemListElement":[{"@type":"ListItem","position":1,"name":"Events","item":"https://www.sindmoveis.com.br/en/events/"},{"@type":"ListItem","position":2,"name":"MOVELSUL BRASIL 2022 &#8211; A principal feira de móveis da América Latina"}]},{"@type":"WebSite","@id":"https://www.sindmoveis.com.br/en/#website","url":"https://www.sindmoveis.com.br/en/","name":"Sindmóveis-RS","description":"","potentialAction":[{"@type":"SearchAction","target":{"@type":"EntryPoint","urlTemplate":"https://www.sindmoveis.com.br/en/?s={search_term_string}"},"query-input":{"@type":"PropertyValueSpecification","valueRequired":true,"valueName":"search_term_string"}}],"inLanguage":"en-US"}]}</script>
<!-- / Yoast SEO plugin. -->

MOVELSUL BRASIL 2022 - A principal feira de móveis da América Latina - Sindmóveis-RS

Movelsul Brasil é a principal feira de móveis da América Latina em área de exposição, número de expositores e visitantes profissionais. Com 21 edições realizadas desde 1977 pelo Sindmóveis Bento... Leia mais &raquo;

Sindmóveis-RS
