{"version":"1.0","provider_name":"Sindm\u00f3veis-RS","provider_url":"https:\/\/www.sindmoveis.com.br\/en","author_name":"Imprensa Sindm\u00f3veis","author_url":"https:\/\/www.sindmoveis.com.br\/en\/author\/ana\/","title":"Registrations for Sal\u00e3o Design 2015 open today - Sindm\u00f3veis-RS","type":"rich","width":600,"height":338,"html":"<blockquote class=\"wp-embedded-content\" data-secret=\"odj8e5lOva\"><a href=\"https:\/\/www.sindmoveis.com.br\/en\/inscricoes-para-o-salao-design-2015-iniciam-hoje\/\">Registrations for Sal\u00e3o Design 2015 open today<\/a><\/blockquote><iframe sandbox=\"allow-scripts\" security=\"restricted\" src=\"https:\/\/www.sindmoveis.com.br\/en\/inscricoes-para-o-salao-design-2015-iniciam-hoje\/embed\/#?secret=odj8e5lOva\" width=\"600\" height=\"338\" title=\"&#8220;Registrations for Sal\u00e3o Design 2015 open today&#8221; &#8212; Sindm\u00f3veis-RS\" data-secret=\"odj8e5lOva\" frameborder=\"0\" marginwidth=\"0\" marginheight=\"0\" scrolling=\"no\" class=\"wp-embedded-content\"><\/iframe><script type=\"text\/javascript\">\n\/* <![CDATA[ *\/\n\/*! This file is auto-generated *\/\n!function(d,l){\"use strict\";l.querySelector&&d.addEventListener&&\"undefined\"!=typeof URL&&(d.wp=d.wp||{},d.wp.receiveEmbedMessage||(d.wp.receiveEmbedMessage=function(e){var t=e.data;if((t||t.secret||t.message||t.value)&&!\/[^a-zA-Z0-9]\/.test(t.secret)){for(var s,r,n,a=l.querySelectorAll('iframe[data-secret=\"'+t.secret+'\"]'),o=l.querySelectorAll('blockquote[data-secret=\"'+t.secret+'\"]'),c=new RegExp(\"^https?:$\",\"i\"),i=0;i<o.length;i++)o[i].style.display=\"none\";for(i=0;i<a.length;i++)s=a[i],e.source===s.contentWindow&&(s.removeAttribute(\"style\"),\"height\"===t.message?(1e3<(r=parseInt(t.value,10))?r=1e3:~~r<200&&(r=200),s.height=r):\"link\"===t.message&&(r=new URL(s.getAttribute(\"src\")),n=new URL(t.value),c.test(n.protocol))&&n.host===r.host&&l.activeElement===s&&(d.top.location.href=t.value))}},d.addEventListener(\"message\",d.wp.receiveEmbedMessage,!1),l.addEventListener(\"DOMContentLoaded\",function(){for(var e,t,s=l.querySelectorAll(\"iframe.wp-embedded-content\"),r=0;r<s.length;r++)(t=(e=s[r]).getAttribute(\"data-secret\"))||(t=Math.random().toString(36).substring(2,12),e.src+=\"#?secret=\"+t,e.setAttribute(\"data-secret\",t)),e.contentWindow.postMessage({message:\"ready\",secret:t},\"*\")},!1)))}(window,document);\n\/\/# sourceURL=https:\/\/www.sindmoveis.com.br\/en\/wp-includes\/js\/wp-embed.min.js\n\/* ]]> *\/\n<\/script>\n","thumbnail_url":"https:\/\/www.sindmoveis.com.br\/en\/wp-content\/uploads\/2021\/05\/p1409574040.jpg","thumbnail_width":2126,"thumbnail_height":1196,"description":"This Monday, September 1, the registrations for Sal\u00e3o Design 2015 will be open. The competition has been held by Sindm\u00f3veis Bento Gon\u00e7alves since 1988, aiming to encourage creativity, entrepreneurship and technological innovation of furniture and accessories through design. The 19th Sal\u00e3o Design Award will give R$ 205,000 in prizes in the professional, student and industry classes."}

Sindmóveis-RS

Imprensa Sindmóveis

Registrations for Salão Design 2015 open today - Sindmóveis-RS

<blockquote class="wp-embedded-content" data-secret="odj8e5lOva"><a href="https://www.sindmoveis.com.br/en/inscricoes-para-o-salao-design-2015-iniciam-hoje/">Registrations for Salão Design 2015 open today</a></blockquote><iframe sandbox="allow-scripts" security="restricted" src="https://www.sindmoveis.com.br/en/inscricoes-para-o-salao-design-2015-iniciam-hoje/embed/#?secret=odj8e5lOva" width="600" height="338" title="&#8220;Registrations for Salão Design 2015 open today&#8221; &#8212; Sindmóveis-RS" data-secret="odj8e5lOva" frameborder="0" marginwidth="0" marginheight="0" scrolling="no" class="wp-embedded-content"></iframe><script type="text/javascript">
/* <![CDATA[ */
/*! This file is auto-generated */
!function(d,l){"use strict";l.querySelector&&d.addEventListener&&"undefined"!=typeof URL&&(d.wp=d.wp||{},d.wp.receiveEmbedMessage||(d.wp.receiveEmbedMessage=function(e){var t=e.data;if((t||t.secret||t.message||t.value)&&!/[^a-zA-Z0-9]/.test(t.secret)){for(var s,r,n,a=l.querySelectorAll('iframe[data-secret="'+t.secret+'"]'),o=l.querySelectorAll('blockquote[data-secret="'+t.secret+'"]'),c=new RegExp("^https?:$","i"),i=0;i<o.length;i++)o[i].style.display="none";for(i=0;i<a.length;i++)s=a[i],e.source===s.contentWindow&&(s.removeAttribute("style"),"height"===t.message?(1e3<(r=parseInt(t.value,10))?r=1e3:~~r<200&&(r=200),s.height=r):"link"===t.message&&(r=new URL(s.getAttribute("src")),n=new URL(t.value),c.test(n.protocol))&&n.host===r.host&&l.activeElement===s&&(d.top.location.href=t.value))}},d.addEventListener("message",d.wp.receiveEmbedMessage,!1),l.addEventListener("DOMContentLoaded",function(){for(var e,t,s=l.querySelectorAll("iframe.wp-embedded-content"),r=0;r<s.length;r++)(t=(e=s[r]).getAttribute("data-secret"))||(t=Math.random().toString(36).substring(2,12),e.src+="#?secret="+t,e.setAttribute("data-secret",t)),e.contentWindow.postMessage({message:"ready",secret:t},"*")},!1)))}(window,document);
//# sourceURL=https://www.sindmoveis.com.br/en/wp-includes/js/wp-embed.min.js
/* ]]> */
</script>

This Monday, September 1, the registrations for Salão Design 2015 will be open. The competition has been held by Sindmóveis Bento Gonçalves since 1988, aiming to encourage creativity, entrepreneurship and technological innovation of furniture and accessories through design. The 19th Salão Design Award will give R$ 205,000 in prizes in the professional, student and industry classes.
